 prime factors of v - (1 - 394) - -6.
3, 7, 19
Let f = 178 + -297. Suppose -4*o - 1090 = 2*q, -29*o + 27*o - 5*q - 565 = 0. Let u = f - o. List the prime factors of u.
151
Suppose -4*u = 3*o - 0*u - 21, -2*u = 3*o - 15. Suppose -k + 93 = -4*y, -2*y - 72 - 314 = -4*k. Suppose 521 + k = o*a. What are the prime factors of a?
2, 103
Let f(n) = 65*n + 190. Let a(g) = 2*g**3 - 2*g**2 - 21*g - 8. Let t be a(4). List the prime factors of f(t).
2, 3, 5
Let r(c) = 75*c + 1. Suppose -135 = 4*q - 9*q - 5*v, -2*q - 5*v + 39 = 0. Let d = 33 - q. List the prime factors of r(d).
2, 19
What are the prime factors of ((-1)/3)/(21/(-354690))?
2, 5, 563
Let z = -244 - -246. List the prime factors of (467 - z)*(5 - 3).
2, 3, 5, 31
Suppose 170971 = 3*s - 0*s - g, s + 3*g - 56987 = 0. What are the prime factors of s?
2, 5, 41, 139
Let z(a) = 2*a**3 + 19*a**2 + 18*a + 38. Let k(u) = -u**3 - 1. Let f(b) = 3*k(b) + z(b). Let j be f(20). Let s(t) = -53*t - 44. List the prime factors of s(j).
13, 17
Let r be 12/(-9)*21/(-4). Let o(n) = -n**2 - 6*n + 21. Let a be o(r). Let s = a + 153. List the prime factors of s.
83
Suppose 43 = -3*b - 5. Suppose 126*r = -134*r + 274*r - 1092. Let y = r - b. List the prime factors of y.
2, 47
Let t = -40 - -13. Suppose -13*v + 111 = 761. Let m = t - v. What are the prime factors of m?
23
Let f(k) = -k**3 + k - 21. Let u be f(0). Suppose 0 = -20*g + 677 - 2917. List the prime factors of ((-201)/u - 7)*g/(-6).
2, 3
Let h(l) = -l**3 - 6*l**2 + 3*l + 9. Let w(v) = -19*v + 220. Let x be w(12). List the prime factors of h(x).
113
Let p(m) be the first derivative of m**6/90 + m**5/12 + 4*m**4/3 + 7*m**3 - 15. Let u(b) be the third derivative of p(b). What are the prime factors of u(-8)?
2, 13
Let y = -181 + 185. What are the prime factors of y/14 + 24970/70?
3, 7, 17
Let r(x) = 8*x**2 + 58*x + 274. What are the prime factors of r(24)?
2, 3137
Suppose -l - 1326 = -d - 7508, 0 = -l + 2*d + 6179. What are the prime factors of l?
5, 1237
Let a(u) = 7 - 6 - 7 - 10 - 3*u. Let k be a(-7). Suppose 3*s - 2*c = 254, -k*s + 4*c = c - 423. What are the prime factors of s?
2, 3, 7
Let g be 2 + (2 - (-4 + 3)). Suppose -g*x + 121 = -1029. What are the prime factors of x?
2, 5, 23
Let t = -206 - -216. What are the prime factors of (-16)/t*1470/(-4)?
2, 3, 7
Suppose 40*j = -109*j + 10174763. What are the prime factors of j?
23, 2969
Let r(g) = 81*g**2 - 152*g + 1209. What are the prime factors of r(9)?
2, 3, 11, 97
List the prime factors of 43/(-430) + (-41241)/(-10).
2, 1031
Let f(s) = -17*s**3 + 2*s**2 - 4*s + 3. Let k be f(1). Let d(r) = -r**2 - 19*r - 33. Let c be d(k). What are the prime factors of 8/(40/c) - -73?
2, 19
Let k(w) = -w**3 - 5*w**2 - 63*w + 46. List the prime factors of k(-21).
5, 337
Let p(o) = -2610*o - 4461. List the prime factors of p(-9).
3, 6343
Let v(k) = 9*k + 75. Let o be v(-8). Suppose -5*q + 115 = l, -430 = -o*l + q + q. What are the prime factors of l?
2, 5, 7
Let n = -22447 + 37457. Suppose -74*j = -64*j - n. List the prime factors of j.
19, 79
Suppose -h + 5*h + 88 = 2*u, 5*u = -5*h + 145. Suppose -5*i - u*l = -31*l - 1948, 0 = 4*i - l - 1555. What are the prime factors of i?
389
Let h = 7118 + 1523. What are the prime factors of h?
8641
Let z = 93 - 106. Let q = z - -16. List the prime factors of -3 + (q - 4) + (129 - -1).
2, 3, 7
Let i(w) = w**3 - 1. Let k be i(-1). Let q be -2757 + 0 + -4 - k. List the prime factors of (q/186)/(2/(-12)).
89
Let c(f) = -423*f**2 - 423*f**2 - 20*f + 847*f**2 + 7*f + 62. List the prime factors of c(-14).
2, 5, 11
Let k(y) = 4*y**3 - 5*y**2 + 5. Suppose -5*g + 20 - 5 = 0. What are the prime factors of k(g)?
2, 17
Suppose 0 = 4*c - 0*r - 2*r + 32, 0 = 2*c + 5*r - 8. Let a be (-310)/(-15) + (-2)/c. Let x = a - -54. What are the prime factors of x?
3, 5
Suppose -5*w + 28188 = b, -33470 = -4*w - 5*b - 10907. List the prime factors of w.
3, 1879
Let j(g) = 4*g**2 + 29*g - 20. Let s be j(-8). Let i(f) = -14*f - f**2 - 7*f**2 + 4 + 24*f**2. What are the prime factors of i(s)?
2, 3, 17
Let g be (-9)/(-2)*(-1760)/(-15). Suppose 0 = 8*y - 7*y - g. Suppose -4*i + y = 4*q, q + 2*q - 263 = -2*i. What are the prime factors of i?
7, 19
Let z(t) = -61*t + 785. What are the prime factors of z(-51)?
2, 487
Suppose -4*v = j + 2*j - 306, 0 = -3*v + 2*j + 221. Suppose -1776 = 69*i - v*i. Let l = i + -188. What are the prime factors of l?
2, 3
What are the prime factors of (-6)/6*(1*-1 + 0 + -8956)?
13, 53
Let o = -48 - -73. Let x(t) = 2*t**2 + 11*t + 5. Let a be x(-5). Suppose n - 132 = -n - 2*b, 5*b + o = a. List the prime factors of n.
71
Let l(c) be the first derivative of -3*c**2/2 + 21*c + 6. Let a be l(6). Suppose -a*g + 168 = -4*b, 4*g - 5*b = 176 + 49. List the prime factors of g.
2, 3, 5
Let n(c) = c**3 - 6*c**2 - 14*c + 18. Let l be n(7). Let t = l - -41. List the prime factors of t.
2, 5
Suppose 10*w - 55666 = -16*w. Let o = w - 1434. What are the prime factors of o?
7, 101
What are the prime factors of 3 + (-3)/27*-410213 - (-386)/(-1737)?
2, 3, 71, 107
Let s(a) = -3*a**3 + 2*a**2 - 16*a + 23. Let l be s(6). Let u = 966 + l. List the prime factors of u.
317
Let v = -82 + 84. Suppose v*t - 106 = -4*y, 0 = 2*t - 2*y - 46 - 72. What are the prime factors of t?
3, 19
Let o = -594 - -2480. List the prime factors of o.
2, 23, 41
Suppose 0 = -4*v - v + 5*n + 25, -v + 5 = 4*n. Suppose 329 = v*z + g, -39 = -2*z + g + 87. What are the prime factors of z?
5, 13
Let m(i) = -226*i - 87. Let n(k) = -k**2 - 24*k - 5. Let o be n(-24). What are the prime factors of m(o)?
7, 149
Let p(k) = -1749*k - 4807. What are the prime factors of p(-5)?
2, 11, 179
Let x be 6/10 - 7/((-175)/(-15)). Suppose -4*u = -x*u - 7936. Suppose 0 = 12*h - 20*h + u. What are the prime factors of h?
2, 31
Suppose 18*g = -5*i + 19*g + 7483, 0 = i + g - 1493. Let b = -5 - -12. Suppose b*v - i = -v. List the prime factors of v.
11, 17
Let a(p) = -7*p + 9*p**2 + 3*p**3 + 2*p**2 - 7 - 4*p**3. Suppose -2*n + 60*c = 57*c + 1, -2*n = -2*c - 4. List the prime factors of a(n).
2, 5, 7
Suppose 4*x = -u + 31092, 3*x + 857*u - 852*u - 23319 = 0. What are the prime factors of x?
3, 2591
Let a be 1 - (2 + 9) - 8/((-48)/(-18)). Let x(t) = 7 + 0*t**2 + t**2 + t**2 + 11*t. List the prime factors of x(a).
2, 101
Let k = -2242 + 2807. List the prime factors of k.
5, 113
Let r(c) = -32*c**3 + 3*c**2 + 26*c - 24. List the prime factors of r(-6).
2, 3, 5, 19
Suppose -2*m - 4*o + 695 = -9*o, -4*m = 5*o - 1435. Suppose -5*l = 3*k - m, -2*k + 235 = -2*l + 7*l. List the prime factors of k.
2, 3, 5
Suppose l - 2*l = -4*h - 13, 4*h = -5*l - 7. List the prime factors of l/(-9)*-3107 + 44/(-198).
3, 5, 23
Suppose -69*q + 18*q + 1193304 = 5*q. What are the prime factors of q?
3, 7103
Let n(k) = -40*k - 295. Let i be n(-8). What are the prime factors of (-3 - -178)*i/5?
5, 7
Let s(a) = -2*a**2 + 8 - 13*a - a**3 - a**3 + 2*a**3 + a**3. List the prime factors of s(6).
2, 37
What are the prime factors of 16861/3 + (-640)/192?
41, 137
Suppose 0 = -17*y + 128266 + 175626. List the prime factors of y.
2, 41, 109
What are the prime factors of ((-10557)/(-2) - (-256)/512)*(-2 + 13)?
11, 5279
Suppose -46492 = 10*o - 14*o - 4*n, -3*o - 4*n + 34872 = 0. What are the prime factors of o?
2, 5, 7, 83
Suppose 28*m = 5*m + 44289 + 227709. List the prime factors of m.
2, 3, 73
Let w(x) be the second derivative of x**5/20 + x**4/3 + x**3/3 + 15*x**2/2 + 25*x. Let a be w(-5). Let l = a - -48. What are the prime factors of l?
2, 7
Suppose 0 = 4*z - 0*o - 2*o - 128, 38 = z - 2*o. Let f be (10/z)/((-2)/(-1302)). Let s = f - 99. List the prime factors of s.
2, 59
Suppose 123 = 2*f - 3*q - 182, -149 = -f - 2*q. Let c = f - 70. Let a = c - 48. What are the prime factors of a?
3, 11
Let s(x) = -156*x - 1429. List the prime factors of s(-60).
7, 11, 103
Suppose -9*k + 5460 = -3513. Suppose 5*u - k = 2098. List the prime factors of u.
619
Let k = -10179 - -16923. What are the prime factors of k?
2, 3, 281
Suppose 2*y - 17824 = -2*t, -3*y = -2*t - 7009 - 19727. Suppose 4*b - y = 3*h - 2025, 2*b - 3437 = -5*h. List the prime factors of b.
1721
Suppose -24*j + 23*j - 2*i - 14 = 0, 0 = 3*i + 12. Let p(n) = -4*n**3 + n**2 + 8*n - 2. What are the prime factors of p(j)?
2, 5, 17
Suppose 3*g - 52 = 14. Let o(f) 